
3 (base 11) to base 7
3
-22ff (base 16) to base 14
-339d
What is 2330 (base 5) in base 10?
340
What is -666 (base 12) in base 7?
-2514
Convert 1a53 (base 12) to base 13.
1617
Convert -2a79 (base 13) to base 3.
-22111001
5386 (base 14) to base 8
34132
What is 2bd (base 14) in base 15?
274
What is 2033330 (base 4) in base 6?
110352
Convert a39 (base 11) to base 12.
884
-4634 (base 8) to base 14
-c7a
What is -10010011101 (base 2) in base 10?
-1181
44155 (base 6) to base 2
1011111100111
Convert -121311 (base 4) to base 5.
-23103
Convert 22b0 (base 13) to base 9.
6616
Convert 102222 (base 9) to base 14.
1818d
84e (base 16) to base 2
100001001110
176 (base 9) to base 15
a0
What is 1437 (base 9) in base 6?
5011
-554201 (base 6) to base 8
-132331
What is 8202 (base 14) in base 5?
1203341
Convert 138 (base 12) to base 15.
c8
What is -16174 (base 9) in base 5?
-323313
-2a7 (base 16) to base 4
-22213
-427 (base 8) to base 12
-1b3
What is 1890 (base 12) in base 3?
11002200
Convert -110000101 (base 2) to base 9.
-472
What is 14031 (base 7) in base 6?
25323
Convert 87b (base 14) to base 13.
9c0
What is -20223 (base 4) in base 13?
-339
Convert -110100010 (base 2) to base 10.
-418
What is -6acc (base 14) in base 6?
-222044
9b89 (base 12) to base 13
7b03
What is -6a7 (base 11) in base 3?
-1011020
What is 3920 (base 10) in base 14?
1600
What is -22230 (base 4) in base 7?
-1665
What is -11101101 (base 2) in base 3?
-22210
102201 (base 3) to base 9
381
Convert -23332 (base 5) to base 10.
-1717
Convert 73882 (base 9) to base 12.
24318
Convert -331011 (base 5) to base 3.
-120121112
-34043 (base 5) to base 14
-c34
Convert 8bac (base 13) to base 4.
10301321
What is 21b (base 16) in base 2?
1000011011
-1022122 (base 3) to base 8
-1702
What is -3335 (base 7) in base 12?
-842
2051 (base 7) to base 2
1011010010
What is 694 (base 13) in base 10?
1135
What is -88 (base 12) in base 10?
-104
1000101 (base 3) to base 2
1011100011
What is -120200 (base 3) in base 12?
-2b3
-97d (base 14) to base 6
-12403
What is 10120 (base 6) in base 14?
6c0
-1020000 (base 3) to base 6
-4043
-100022001 (base 3) to base 9
-10261
Convert -174 (base 13) to base 11.
-220
Convert 1776 (base 8) to base 11.
84a
-22343 (base 7) to base 14
-20ca
Convert 3000 (base 4) to base 6.
520
What is 1001110111011010 (base 2) in base 4?
21313122
Convert 5d3 (base 14) to base 6.
5221
What is 10000111100100101 (base 2) in base 7?
406241
What is 1275 (base 15) in base 16?
f5f
Convert 3c94 (base 14) to base 4.
2213122
26c (base 15) to base 14
2b6
Convert -100302 (base 5) to base 15.
-e37
6597 (base 15) to base 13
9a42
Convert -89 (base 12) to base 8.
-151
-2221112112 (base 3) to base 7
-331022
a03b (base 16) to base 4
22000323
-357 (base 12) to base 3
-200111
Convert -331405 (base 6) to base 5.
-1340311
20244 (base 5) to base 9
1731
Convert 21002212 (base 3) to base 12.
2bb8
Convert 13003 (base 7) to base 16.
d69
102055 (base 8) to base 3
1201102020
2250 (base 9) to base 7
4566
What is -2031 (base 9) in base 8?
-2716
What is 4010 (base 7) in base 2?
10101100011
What is -1211012 (base 4) in base 10?
-6470
Convert -1e69 (base 15) to base 8.
-14740
What is 183 (base 10) in base 8?
267
667 (base 8) to base 16
1b7
What is -110202022 (base 3) in base 7?
-36050
210a (base 12) to base 3
11221201
Convert -212012 (base 3) to base 16.
-272
Convert cbd (base 14) to base 7.
10226
What is -230 (base 8) in base 14?
-ac
Convert -180 (base 12) to base 11.
-1a9
-98 (base 11) to base 5
-412
What is 111110110 (base 2) in base 5?
4002
What is 6b46 (base 13) in base 6?
153523
Convert -15315 (base 6) to base 12.
-153b
122120 (base 3) to base 15
219
What is -103012300 (base 4) in base 6?
-1402144
What is 1184 (base 11) in base 9?
2105
What is 2826 (base 11) in base 4?
321022
Convert -103 (base 4) to base 13.
-16
What is 123031 (base 4) in base 2?
11011001101
3414 (base 5) to base 2
111100100
-a71 (base 14) to base 4
-200023
What is 1010011100011 (base 2) in base 9?
7301
3104 (base 7) to base 8
2072
Convert -2388 (base 15) to base 11.
-5747
What is 367 (base 15) in base 14?
3d2
Convert 212 (base 5) to base 2.
111001
What is 362c (base 13) in base 8?
16733
-2437 (base 12) to base 10
-4075
-9cf2 (base 16) to base 5
-2241203
Convert -120516 (base 7) to base 2.
-101010101101011
What is -100000111 (base 2) in base 11?
-21a
-22042 (base 6) to base 14
-117c
Convert a44 (base 11) to base 7.
3445
What is -c53 (base 13) in base 9?
-2778
What is a5a (base 14) in base 5?
31130
318 (base 11) to base 13
235
-2555 (base 6) to base 11
-539
Convert 1020 (base 5) to base 9.
160
Convert 13091 (base 12) to base 2.
110010110101101
Convert -3212 (base 4) to base 15.
-105
What is 1210011 (base 3) in base 10?
1300
-2654 (base 8) to base 14
-75a
Convert 14cb (base 13) to base 6.
22024
Convert -7857 (base 11) to base 7.
-42111
-21033 (base 5) to base 3
-1220121
Convert 20562 (base 7) to base 5.
130331
e338 (base 15) to base 14
136b0
What is 2022 (base 4) in base 6?
350
What is -13d4 (base 16) in base 12?
-2b30
What is -3104 (base 7) in base 4?
-100322
Convert 43 (base 14) to base 8.
73
-649 (base 15) to base 7
-4065
Convert 13ab (base 16) to base 6.
35151
What is 3050 (base 9) in base 8?
4270
Convert -2212121 (base 3) to base 12.
-1267
-1261 (base 8) to base 15
-30e
-5565 (base 7) to base 5
-31012
Convert 1033 (base 15) to base 2.
110101011111
11020221 (base 3) to base 15
dbd
-66 (base 11) to base 7
-132
What is -24 (base 6) in base 16?
-10
Convert -113103 (base 4) to base 6.
-10523
What is -13352 (base 8) in base 12?
-348a
852 (base 11) to base 5
13100
190 (base 10) to base 15
ca
What is -2443 (base 6) in base 7?
-1521
-27156 (base 8) to base 3
-121022020
Convert -1655 (base 16) to base 9.
-7752
What is -1010010011100 (base 2) in base 13?
-252b
What is -12519 (base 11) in base 13?
-8211
Convert 32202 (base 4) to base 15.
420
Convert 584 (base 15) to base 3.
1201021
-44010 (base 8) to base 6
-221212
57616 (base 8) to base 15
73ac
Convert 1141211 (base 6) to base 14.
17b95
What is -10110111111 (base 2) in base 11?
-1118
-104334 (base 5) to base 10
-3719
Convert 11330 (base 4) to base 3.
112002
221331 (base 5) to base 7
31332
Convert -185 (base 16) to base 4.
-12011
What is -87a (base 11) in base 8?
-2037
-5625 (base 8) to base 9
-4054
Convert 51556 (base 7) to base 2.
11000101011010
2454 (base 6) to base 9
747
529 (base 11) to base 7
1566
-12212012 (base 3) to base 10
-4271
What is -2036 (base 14) in base 2?
-1010110100000
Convert 1fdd (base 16) to base 3.
102012010
What is -231021 (base 4) in base 13?
-1413
Convert 1100011100 (base 2) to base 8.
1434
-136102 (base 7) to base 12
-13147
Convert 5a2 (base 11) to base 12.
4b9
13d (base 16) to base 15
162
What is -40df (base 16) in base 12?
-973b
Convert 317 (base 9) to base 5.
2014
112010100 (base 3) to base 7
42006
What is -1232 (base 6) in base 8?
-464
What is -46a (base 16) in base 7?
-3203
Convert -14155 (base 8) to base 14.
-23c9
What is -6c9 (base 13) in base 3?
-1121200
Convert 6404 (base 11) to base 3.
102121212
Convert 3c5 (base 15) to base 3.
1011212
-44104 (base 5) to base 4
-233111
What is 2002110 (base 3) in base 9?
2073
What is -500 (base 10) in base 5?
-4000
26046 (base 8) to base 10
11302
Convert -11e7 (base 15) to base 13.
-1978
Convert -1b54 (base 13) to base 15.
-1350
Convert 1134 (base 14) to base 10.
2986
Convert -50513 (base 6) to base 4.
-1220031
23022 (base 6) to base 8
6266
What is -183a (base 11) in base 12?
-1432
What is 12121 (base 5) in base 12?
63b
3644 (base 9) to base 10
2713
Convert 11854 (base 9) to base 3.
101221211
Convert -103200132 (base 4) to base 2.
-10011100000011110
-14444 (base 5) to base 6
-5441
-122113 (base 8) to base 5
-2321214
What is 131133 (base 7) in base 3?
1020111200
Convert 44 (base 13) to base 3.
2002
Convert -77 (base 12) to base 13.
-70
What is -10101 (base 5) in base 15?
-2d6
1331 (base 13) to base 4
222320
12653 (base 11) to base 5
1034322
Convert 101112201 (base 3) to base 9.
11481
What is 5135 (base 7) in base 14?
91c
-1465 (base 11) to base 15
-85b
What is 112212011 (base 3) in base 4?
2221033
Convert 182 (base 15) to base 9.
425
Convert -103312 (base 4) to base 9.
-1661
56525 (base 8) to base 13
ab4c
-336 (base 12) to base 10
-474
Convert -200122 (base 